ide 38741?
False
Is 1056 a multiple of 33?
True
Is 755 a multiple of 12?
False
Is 18 a factor of 37772?
False
Is 17552 a multiple of 55?
False
Is 5027 a multiple of 18?
False
Is 720 a multiple of 6?
True
Is 196 a factor of 24892?
True
Is 97 a multiple of 11?
False
Is 37 a factor of 5558?
False
Is 66 a factor of 7524?
True
Is 275 a multiple of 26?
False
Does 19 divide 1078?
False
Is 589 a multiple of 62?
False
Is 317 a multiple of 15?
False
Is 14 even?
True
Is 529 a multiple of 52?
False
Is 37 a factor of 19721?
True
Is 2482 a multiple of 5?
False
Is 9 a factor of 1138?
False
Is 4149 a multiple of 32?
False
Is 5 a factor of 8149?
False
Does 25 divide 706?
False
Does 84 divide 3612?
True
Is 11 a factor of 3990?
False
Is 6226 a multiple of 38?
False
Does 42 divide 9786?
True
Is 44 a factor of 151?
False
Is 126 a multiple of 64?
False
Does 27 divide 2106?
True
Does 161 divide 14812?
True
Does 14 divide 15125?
False
Is 1004 a multiple of 23?
False
Is 22 a factor of 7678?
True
Is 69 a factor of 8763?
True
Is 45 a factor of 12491?
False
Is 84 a factor of 4222?
False
Does 30 divide 10698?
False
Is 3 a factor of 1933?
False
Does 43 divide 934?
False
Is 52 a factor of 1092?
True
Is 35900 a multiple of 50?
True
Does 289 divide 20230?
True
Is 12123 a multiple of 11?
False
Is 3211 a multiple of 19?
True
Does 11 divide 209?
True
Is 2 a factor of 81?
False
Does 11 divide 1974?
False
Is 25656 a multiple of 8?
True
Does 17 divide 2975?
True
Is 1464 a multiple of 12?
True
Does 18 divide 26442?
True
Is 11 a factor of 924?
True
Does 22 divide 14084?
False
Is 187 a factor of 1309?
True
Is 386 a multiple of 13?
False
Is 333 a multiple of 12?
False
Does 127 divide 3658?
False
Is 26 a factor of 13265?
False
Is 14 a factor of 7438?
False
Is 23015 a multiple of 7?
False
Does 5 divide 1704?
False
Does 15 divide 1803?
False
Is 3197 a multiple of 23?
True
Is 904 a multiple of 8?
True
Is 107 a factor of 2889?
True
Is 59 a factor of 649?
True
Does 7 divide 52925?
False
Is 1037 a multiple of 4?
False
Is 24 a factor of 20511?
False
Is 10 a factor of 339?
False
Is 1575 a multiple of 9?
True
Does 68 divide 22372?
True
Is 6 a factor of 728?
False
Is 15928 a multiple of 4?
True
Does 7 divide 735?
True
Does 10 divide 213?
False
Is 3 a factor of 977?
False
Does 9 divide 18465?
False
Is 10 a factor of 3450?
True
Does 7 divide 357?
True
Is 4665 a multiple of 113?
False
Is 29 a factor of 23941?
False
Is 2 a factor of 227?
False
Does 60 divide 14100?
True
Is 194 a factor of 1552?
True
Is 98 a factor of 30478?
True
Is 961 a multiple of 31?
True
Does 29 divide 4324?
False
Does 32 divide 2176?
True
Is 989 a multiple of 156?
False
Is 114145 a multiple of 107?
False
Is 44 a factor of 6952?
True
Is 5 a factor of 133?
False
Is 39545 a multiple of 12?
False
Is 19 a factor of 6802?
True
Is 20683 a multiple of 8?
False
Is 10 a factor of 900?
True
Does 4 divide 372?
True
Is 6 a factor of 6149?
False
Does 46 divide 2062?
False
Is 119 a factor of 35224?
True
Is 714 a multiple of 42?
True
Does 14 divide 196?
True
Does 39 divide 1096?
False
Is 9 a factor of 728?
False
Does 130 divide 28860?
True
Is 30 a factor of 2933?
False
Is 16 a factor of 4352?
True
Is 274 a multiple of 14?
False
Does 108 divide 11232?
True
Does 8 divide 250?
False
Does 240 divide 4357?
False
Is 3038 a multiple of 42?
False
Does 53 divide 14783?
False
Is 11 a factor of 2827?
True
Is 1755 a multiple of 39?
True
Is 12 a factor of 262?
False
Does 3 divide 345?
True
Does 13 divide 728?
True
Is 5 a factor of 1518?
False
Is 2 a factor of 4782?
True
Is 594 a multiple of 33?
True
Is 1535 a multiple of 18?
False
Is 801 a multiple of 9?
True
Does 14 divide 966?
True
Is 67 a factor of 7770?
False
Does 29 divide 186?
False
Is 863 a multiple of 30?
False
Is 435 a multiple of 3?
True
Does 131 divide 1368?
False
Does 6 divide 606?
True
Does 7 divide 560?
True
Is 388 a multiple of 2?
True
Does 8 divide 680?
True
Is 577 a multiple of 20?
False
Is 2 a factor of 3359?
False
Does 96 divide 1056?
True
Is 9 a factor of 1247?
False
Does 167 divide 6012?
True
Is 27704 a multiple of 91?
False
Is 28209 a multiple of 27?
False
Does 21 divide 231?
True
Is 54503 a multiple of 67?
False
Is 56 a factor of 121016?
True
Is 4234 a multiple of 29?
True
Is 4 a factor of 5068?
True
Is 55392 a multiple of 32?
True
Does 53 divide 566?
False
Is 29 a factor of 14065?
True
Does 109 divide 1308?
True
Is 5 a factor of 500?
True
Is 26 a factor of 4670?
False
Is 18760 a multiple of 28?
True
Is 31740 a multiple of 12?
True
Is 651 a multiple of 21?
True
Is 602 a multiple of 35?
False
Does 55 divide 51976?
False
Does 6 divide 53?
False
Is 2 a factor of 136?
True
Does 14 divide 31218?
False
Does 46 divide 1326?
False
Is 146405 a multiple of 38?
False
Is 17 a factor of 41208?
True
Is 16580 a multiple of 4?
True
Is 54 a factor of 259?
False
Does 134 divide 1388?
False
Does 14 divide 1178?
False
Is 86 a factor of 16539?
False
Is 1430 a multiple of 26?
True
Is 10 a multiple of 10?
True
Is 905 a multiple of 21?
False
Is 34 a factor of 2924?
True
Is 5 a factor of 9245?
True
Does 9 divide 1215?
True
Is 66 a factor of 1891?
False
Does 6 divide 3947?
False
Is 2747 a multiple of 64?
False
Is 81 a factor of 8910?
True
Does 9 divide 1575?
True
Does 6 divide 3960?
True
Is 62136 a multiple of 180?
False
Is 49 a multiple of 3?
False
Does 105 divide 1090?
False
Is 3 a multiple of 2?
False
Is 14 a factor of 2927?
False
Is 2592 a multiple of 54?
True
Does 59 divide 6269?
False
Does 51 divide 6375?
True
Is 1596 a multiple of 57?
True
Is 29 a factor of 1391?
False
Is 203 a factor of 23088?
False
Does 7 divide 15260?
True
Is 36273 a multiple of 113?
True
Is 1062 a multiple of 18?
True
Is 728 a multiple of 7?
True
Does 14 divide 16195?
False
Is 19566 a multiple of 167?
False
Is 13 a factor of 2118?
False
Does 30 divide 87000?
True
Is 31 a factor of 4216?
True
Is 11 a factor of 748?
True
Does 6 divide 300?
True
Is 20 a factor of 35564?
False
Does 7 divide 988?
False
Does 84 divide 84?
True
Is 27 a factor of 567?
True
Is 21 a factor of 2247?
True
Is 836 a multiple of 38?
True
Is 46 a factor of 160?
False
Is 16 a factor of 110?
False
Does 89 divide 56426?
True
Does 42 divide 4284?
True
Does 116 divide 25919?
False
Is 24643 a multiple of 13?
False
Does 7 divide 846?
False
Does 35 divide 1400?
True
Is 20 a factor of 1706?
False
Is 63 a factor of 7020?
False
Is 29 a factor of 14917?
False
Is 205 a factor of 7359?
False
Is 5 a factor of 9670?
True
Does 15 divide 720?
True
Is 14920 a multiple of 62?
False
Does 13 divide 4017?
True
Is 7524 a multiple of 22?
True
Is 6 a factor of 12?
True
Does 180 divide 29187?
False
Does 24 divide 742?
False
Is 14 a factor of 4341?
False
Is 16 even?
True
Does 6 divide 20?
False
Is 1157 a multiple of 9?
False
Does 40 divide 80?
True
Is 407 a multiple of 6?
False
Does 37 divide 1119?
False
Is 1258 a multiple of 74?
True
Is 32 a factor of 7801?
False
Is 11026 a multiple of 21?
False
Does 21 divide 1936?
False
Is 29157 a multiple of 25?
False
Is 2645 a multiple of 67?
False
Does 79 divide 905?
False
Is 6076 a multiple of 49?
True
Is 3420 a multiple of 30?
True
Is 440 a multiple of 8?
True
Is 231 a factor of 46431?
True
Is 840 a multiple of 24?
True
Does 29 divide 69049?
True
Is 3643 a multiple of 16?
False
Does 21 divide 3612?
True
Is 239 a factor of 8604?
True
Is 5750 a multiple of 81?
False
Is 764 a multiple of 15?
False
Does 99 divide 87405?
False
Is 3 a factor of 191?
False
Does 99 divide 1074?
False
Does 11 divide 1298?
True
Is 1537 a multiple of 73?
False
Is 45 a factor of 270?
True
Is 163068 a multiple of 12?
True
Does 246 divide 2308?
False
Is 6652 a multiple of 59?
False
Is 17202 a multiple of 6?
True
Is 675 a multiple of 3?
True
Is 2 a factor of 38?
True
Is 15339 a multiple of 20?
False
Does 10 divide 1462?
False
Does 222 divide 2664?
True
Is 20 a factor of 1840?
True
Does 6 divide 1602?
True
Does 8 divide 32?
True
Is 35 a factor of 3007?
False
Does 13 divide 5024?
False
Is 48 a factor of 912?
True
Is 32551 a multiple of 95?
False
Does 114 divide 914?
False
Is 53 a factor of 11554?
True
Is 20690 a multiple of 17?
False
Is 1617 a multiple of 33?
True
Is 4 a factor of 108?
True
Is 7 a factor of 87?
False
Is 148 a factor of 25371?
False
Does 4 divide 10004?
True
Does 